
True
Is 27516759485 a composite number?
True
Is 42594389906 prime?
False
Is 818941777 composite?
True
Is 14957985607 a prime number?
True
Is 474396371 composite?
False
Is 2309588599 a composite number?
True
Is 20002309729 a composite number?
False
Is 118054064951 a prime number?
True
Is 1531672871 composite?
False
Is 5719582249 prime?
True
Is 151368733 prime?
True
Is 6682277369 prime?
False
Is 1936222367 a composite number?
False
Is 1632867779 a prime number?
True
Is 8831183813 composite?
True
Is 404565251 a prime number?
True
Is 1937270597 composite?
True
Is 20670985813 composite?
True
Is 134011963 a composite number?
True
Is 1620957239 a prime number?
False
Is 12612277 prime?
True
Is 12316070203 composite?
False
Is 1543827433 prime?
False
Is 455381879 a composite number?
False
Is 15457942151 prime?
True
Is 36207699151 a composite number?
True
Is 814969313 a prime number?
True
Is 1399503479 a composite number?
True
Is 2133506773 composite?
False
Is 4378013539 composite?
False
Is 18536871359 a prime number?
False
Is 2290441087 composite?
True
Is 513268667 composite?
True
Is 1355854349 composite?
True
Is 551359561 a prime number?
False
Is 140646730199 a composite number?
True
Is 19053478271 a composite number?
False
Is 298059135103 a prime number?
True
Is 10422224941 composite?
True
Is 5828656783 a composite number?
True
Is 530078993 prime?
True
Is 210488497757 a prime number?
False
Is 8085692185 a composite number?
True
Is 144809832553 a composite number?
False
Is 96340187 a prime number?
True
Is 972094751 prime?
False
Is 11346300149 composite?
True
Is 33216901 prime?
True
Is 304328489 prime?
False
Is 243109961 a composite number?
False
Is 173957062 a composite number?
True
Is 2830082341 a composite number?
False
Is 6652019401 composite?
True
Is 8204926553 a composite number?
False
Is 627144017 prime?
True
Is 34597319 prime?
False
Is 12584922971 a prime number?
True
Is 1041329989 a prime number?
False
Is 512307637 a prime number?
False
Is 98954622659 a composite number?
True
Is 17946646409 composite?
False
Is 7366168309 composite?
False
Is 23549073661 a composite number?
True
Is 255924139 composite?
False
Is 2882681947 a prime number?
False
Is 798487115 prime?
False
Is 36025440805 a prime number?
False
Is 7189187413 a prime number?
True
Is 37612744381 a prime number?
False
Is 2068037861 a prime number?
True
Is 8701144013 a prime number?
True
Is 565899883 prime?
False
Is 33842292703 prime?
True
Is 550899097 prime?
False
Is 170384209 a composite number?
False
Is 287622737861 a prime number?
True
Is 20084040089 a composite number?
False
Is 17309771029 prime?
True
Is 13443435659 prime?
True
Is 66990983 a composite number?
True
Is 1345481645 prime?
False
Is 5189798639 a prime number?
True
Is 107459643773 prime?
False
Is 5186242707 a prime number?
False
Is 52349459 prime?
True
Is 36591802615 prime?
False
Is 3915193357 a composite number?
False
Is 1124580391 a prime number?
False
Is 57088265023 a composite number?
True
Is 80735312417 a prime number?
False
Is 1110384101 prime?
False
Is 16956725441 prime?
True
Is 469151689 a composite number?
True
Is 6452056027 a prime number?
False
Is 49624502126 composite?
True
Is 1623226051 a prime number?
True
Is 12310082831 composite?
False
Is 961740947 a composite number?
False
Is 547875122 prime?
False
Is 682662139 a prime number?
False
Is 93586763 prime?
True
Is 7255222297 a prime number?
True
Is 100419044809 composite?
True
Is 4099480811 composite?
False
Is 9822119033 composite?
False
Is 1200992957 a prime number?
True
Is 19093937 a prime number?
False
Is 3693691697 composite?
False
Is 2071851949 composite?
True
Is 10198564211 a composite number?
True
Is 4609415669 a composite number?
False
Is 22832149 a prime number?
False
Is 4937430431 composite?
False
Is 3470953789 composite?
False
Is 4663622521 composite?
True
Is 2790728258 composite?
True
Is 2141314937 composite?
True
Is 17715848911 a prime number?
True
Is 1404680729 composite?
False
Is 434634372137 a prime number?
False
Is 3283244347 composite?
True
Is 33205961155 composite?
True
Is 5356886033 prime?
True
Is 159396239 composite?
False
Is 127789320634 a prime number?
False
Is 120535791941 prime?
True
Is 33382966007 prime?
False
Is 8855878411 a prime number?
True
Is 7237359643 prime?
True
Is 525297649 a composite number?
False
Is 18625988369 composite?
True
Is 37636004227 prime?
False
Is 746717599 a composite number?
False
Is 1135034297 a prime number?
True
Is 175270471 composite?
False
Is 2496691493 composite?
False
Is 3670177493 composite?
False
Is 1729165541 prime?
True
Is 1256158517 composite?
False
Is 255112903 a prime number?
False
Is 32380367 a prime number?
True
Is 8325148561 a composite number?
False
Is 2052716297 a composite number?
False
Is 19645142641 composite?
False
Is 1868231483 a prime number?
False
Is 145161953 a prime number?
True
Is 7259032459 a prime number?
False
Is 12428410411 a composite number?
True
Is 14839499539 composite?
False
Is 3421328711 a prime number?
True
Is 661494257 composite?
False
Is 354560183 a prime number?
False
Is 2616222937 a composite number?
True
Is 150618618701 a prime number?
True
Is 1448289859 a composite number?
True
Is 36298008313 prime?
False
Is 7337849 a prime number?
False
Is 14703780127 composite?
False
Is 34912877 composite?
True
Is 14995376939 a prime number?
True
Is 1652357899 prime?
False
Is 504950869 composite?
True
Is 16691549437 a composite number?
False
Is 11022508457 a composite number?
False
Is 7735311923 a composite number?
False
Is 17007510115 prime?
False
Is 985339741 composite?
True
Is 184759481 a composite number?
True
Is 16195354781 a prime number?
True
Is 202441633 composite?
True
Is 11950629809 prime?
True
Is 232407100859 a composite number?
False
Is 1889649719 a prime number?
True
Is 2254318111 composite?
True
Is 372102823 composite?
True
Is 473992643 prime?
True
Is 1144723847 a composite number?
False
Is 6506403815 composite?
True
Is 291388303 prime?
True
Is 2853047851 a prime number?
True
Is 74765597 prime?
True
Is 16092661349 a composite number?
False
Is 3187820611 composite?
False
Is 102848509 a prime number?
True
Is 5131330849 composite?
False
Is 10869043901 a prime number?
True
Is 4149318505 composite?
True
Is 342641567 prime?
True
Is 253972613 a composite number?
True
Is 16959300461 a prime number?
True
Is 3784289827 a composite number?
False
Is 16216251619 a composite number?
True
Is 867136393 a composite number?
True
Is 6530513657 prime?
True
Is 1741569547 prime?
True
Is 559205713 a prime number?
False
Is 8980561259 a prime number?
True
Is 384965779 composite?
True
Is 66877394299 composite?
False
Is 19328686109 a composite number?
False
Is 12563852027 a composite number?
False
Is 313569501211 a prime number?
True
Is 10960520477 a composite number?
False
Is 8349514093 a prime number?
False
Is 6549536627 a composite number?
False
Is 961684693 a composite number?
True
Is 5262355841 composite?
False
Is 138891965477 a prime number?
True
Is 185707120039 a prime number?
False
Is 2043336509 composite?
True
Is 4626775577 prime?
True
Is 716003323 composite?
True
Is 945838759 composite?
False
Is 12397288643 prime?
False
Is 894487679 composite?
False
Is 135706001 composite?
False
Is 14647239727 a prime number?
True
Is 284979139 composite?
False
Is 10082096029 prime?
True
Is 977371853 prime?
True
Is 16473673487 a composite number?
False
Is 41676409937 prime?
True
Is 8969220371 prime?
True
Is 4664057633 a composite number?
False
Is 863229671 a composite number?
False
Is 13744147331 prime?
False
Is 16963291 prime?
False
Is 8356010167 a composite number?
False
Is 12212549023 composite?
True
Is 78708169 composite?
False
Is 106267859 a composite number?
True
Is 33264261427 prime?
True
Is 464206739 composite?
False
Is 126650713427 a prime number?
False
Is 6530373103 prime?
False
Is 26081539261 a prime number?
False
Is 172569241961 prime?
True
Is 195108932303 prime?
True
Is 210124050931 prime?
False
Is 5666489063 a composite number?
True
Is 50828742881 a composite number?
True
Is 87236612315 prime?
False
Is 4410633527 prime?
False
Is 10900786499 a composite number?
True
Is 1561285067 prime?
True
Is 24850582291 a composite number?
True
Is 28656374407 a prime number?
True
Is 4360862533 a pri